{"id":394,"date":"2018-01-16T11:12:57","date_gmt":"2018-01-16T15:12:57","guid":{"rendered":"http:\/\/new.asde.gob.do\/transparencia\/?page_id=394"},"modified":"2025-08-22T10:45:17","modified_gmt":"2025-08-22T14:45:17","slug":"responsable-de-acceso-a-la-informacion","status":"publish","type":"page","link":"https:\/\/ayuntamientosde.gob.do\/transparencia\/responsable-de-acceso-a-la-informacion\/","title":{"rendered":"Responsable de Acceso a la Informaci\u00f3n"},"content":{"rendered":"<p><strong data-start=\"84\" data-end=\"110\">Manuel Antonio Jim\u00e9nez<\/strong><br \/>\n<em><strong>Responsable de Acceso a la Informaci\u00f3n (RAI)<\/strong><\/em><br \/>\nTel\u00e9fono: 809-788-7676, 809-702-9874<br \/>\nExtensi\u00f3n: 4039<br \/>\nCorreo electr\u00f3nico:\u00a0<a href=\"mailto:olaim@asde.gov.do?subject=Contacto%20RAI%20-%20Ayuntamiento%20Santo%20Domingo%20Este\">olaim@asde.gov.do<\/a><\/p>\n","protected":false},"excerpt":{"rendered":"Manuel Antonio Jim\u00e9nez Responsable de Acceso a la Informaci\u00f3n (RAI) Tel\u00e9fono: 809-788-7676, 809-702-9874 Extensi\u00f3n: 4039 Correo electr\u00f3nico:\u00a0olaim@asde.gov.do","protected":false},"author":1,"featured_media":0,"parent":0,"menu_order":0,"comment_status":"closed","ping_status":"closed","template":"","meta":{"footnotes":""},"class_list":["post-394","page","type-page","status-publish","hentry"],"acf":[],"_links":{"self":[{"href":"https:\/\/ayuntamientosde.gob.do\/transparencia\/wp-json\/wp\/v2\/pages\/394","targetHints":{"allow":["GET"]}}],"collection":[{"href":"https:\/\/ayuntamientosde.gob.do\/transparencia\/wp-json\/wp\/v2\/pages"}],"about":[{"href":"https:\/\/ayuntamientosde.gob.do\/transparencia\/wp-json\/wp\/v2\/types\/page"}],"author":[{"embeddable":true,"href":"https:\/\/ayuntamientosde.gob.do\/transparencia\/wp-json\/wp\/v2\/users\/1"}],"replies":[{"embeddable":true,"href":"https:\/\/ayuntamientosde.gob.do\/transparencia\/wp-json\/wp\/v2\/comments?post=394"}],"version-history":[{"count":10,"href":"https:\/\/ayuntamientosde.gob.do\/transparencia\/wp-json\/wp\/v2\/pages\/394\/revisions"}],"predecessor-version":[{"id":10901,"href":"https:\/\/ayuntamientosde.gob.do\/transparencia\/wp-json\/wp\/v2\/pages\/394\/revisions\/10901"}],"wp:attachment":[{"href":"https:\/\/ayuntamientosde.gob.do\/transparencia\/wp-json\/wp\/v2\/media?parent=394"}],"curies":[{"name":"wp","href":"https:\/\/api.w.org\/{rel}","templated":true}]}}